 divided by 2391.
2197
Calculate the remainder when 2249014458 is divided by 9514.
9512
What is the remainder when 24526 is divided by 7536?
1918
What is the remainder when 4085611 is divided by 3416?
75
Calculate the remainder when 33172448 is divided by 57.
44
Calculate the remainder when 12459329 is divided by 425.
29
What is the remainder when 3182304 is divided by 422?
2
What is the remainder when 969450 is divided by 152?
146
What is the remainder when 6861 is divided by 183?
90
Calculate the remainder when 714290 is divided by 713099.
1191
What is the remainder when 304598316 is divided by 4360?
4356
What is the remainder when 15307 is divided by 3848?
3763
What is the remainder when 659157 is divided by 34?
33
What is the remainder when 181173 is divided by 13795?
1838
Calculate the remainder when 485378 is divided by 28551.
11
Calculate the remainder when 159969 is divided by 406.
5
Calculate the remainder when 38624608 is divided by 604.
16
Calculate the remainder when 4627018 is divided by 1371.
1264
What is the remainder when 177110 is divided by 10343?
1279
Calculate the remainder when 43900619 is divided by 79100.
119
Calculate the remainder when 229027 is divided by 74150.
6577
Calculate the remainder when 765971 is divided by 382980.
11
Calculate the remainder when 133086 is divided by 329.
170
What is the remainder when 49165 is divided by 1574?
371
Calculate the remainder when 512163 is divided by 127921.
479
Calculate the remainder when 15841 is divided by 15746.
95
What is the remainder when 70113 is divided by 6998?
133
Calculate the remainder when 2010116 is divided by 502526.
12
What is the remainder when 263454 is divided by 732?
666
Calculate the remainder when 3031617 is divided by 6316.
6253
What is the remainder when 528562 is divided by 264018?
526
What is the remainder when 385232 is divided by 429?
419
What is the remainder when 353093 is divided by 2758?
69
What is the remainder when 330027 is divided by 2594?
589
What is the remainder when 3360131 is divided by 89?
25
Calculate the remainder when 18499 is divided by 7595.
3309
What is the remainder when 493378512 is divided by 34?
24
Calculate the remainder when 5372555 is divided by 1074504.
35
What is the remainder when 4179921 is divided by 696653?
3
Calculate the remainder when 3348085 is divided by 1987.
1977
What is the remainder when 562552 is divided by 444?
4
Calculate the remainder when 3847310 is divided by 1916.
1898
What is the remainder when 188709 is divided by 1763?
68
Calculate the remainder when 5718 is divided by 757.
419
What is the remainder when 539801 is divided by 4461?
20
What is the remainder when 161918 is divided by 4898?
284
What is the remainder when 31999 is divided by 27461?
4538
What is the remainder when 717344 is divided by 14335?
594
What is the remainder when 137633 is divided by 139?
23
What is the remainder when 335220 is divided by 10158?
6
Calculate the remainder when 2369693 is divided by 592421.
9
Calculate the remainder when 21774 is divided by 245.
214
What is the remainder when 307227 is divided by 42?
39
What is the remainder when 1179398 is divided by 808?
526
Calculate the remainder when 3189454 is divided by 6859.
19
Calculate the remainder when 1158518 is divided by 855.
848
Calculate the remainder when 14849736 is divided by 781565.
1
What is the remainder when 8950855 is divided by 271?
267
What is the remainder when 78915 is divided by 8764?
39
Calculate the remainder when 36829 is divided by 16874.
3081
Calculate the remainder when 39092 is divided by 2597.
137
Calculate the remainder when 411258 is divided by 29371.
64
What is the remainder when 52541827 is divided by 3090695?
12
What is the remainder when 142974 is divided by 4467?
30
What is the remainder when 550731 is divided by 42338?
337
What is the remainder when 636412 is divided by 1066?
10
What is the remainder when 5461370 is divided by 7?
5
Calculate the remainder when 1047919 is divided by 522387.
3145
What is the remainder when 1079922 is divided by 2903?
6
What is the remainder when 117250 is divided by 5544?
826
Calculate the remainder when 1424015 is divided by 25416.
719
What is the remainder when 690426 is divided by 474?
282
Calculate the remainder when 5536786 is divided by 1597.
1584
Calculate the remainder when 436367351 is divided by 2372.
2371
What is the remainder when 2724413 is divided by 160258?
27
What is the remainder when 18199375 is divided by 2017?
2001
Calculate the remainder when 28042582 is divided by 14636.
6
Calculate the remainder when 355965 is divided by 10170.
15
What is the remainder when 27326 is divided by 27219?
107
What is the remainder when 70399 is divided by 2339?
229
Calculate the remainder when 14051623 is divided by 2007371.
26
What is the remainder when 17486287 is divided by 11340?
7
What is the remainder when 174338 is divided by 3939?
1022
Calculate the remainder when 60145735 is divided by 3252.
3247
What is the remainder when 217311368 is divided by 2786043?
14
Calculate the remainder when 232453061 is divided by 15381.
8
What is the remainder when 2238984 is divided by 771?
0
Calculate the remainder when 319903 is divided by 1221.
1
Calculate the remainder when 21553 is divided by 271.
144
Calculate the remainder when 16175874 is divided by 555.
399
What is the remainder when 20692 is divided by 1225?
1092
Calculate the remainder when 137409 is divided by 34299.
213
Calculate the remainder when 1891387 is divided by 15894.
1
What is the remainder when 392813 is divided by 35709?
14
What is the remainder when 26779 is divided by 3281?
531
Calculate the remainder when 142741 is divided by 2631.
667
What is the remainder when 443464 is divided by 147550?
814
Calculate the remainder when 38653 is divided by 1212.
1081
Calculate the remainder when 198779636 is divided by 34.
30
Calculate the remainder when 5061898 is divided by 74.
2
What is the remainder when 5108866 is divided by 1769?
1763
Calculate the remainder when 18064 is divided by 4514.
8
Calculate the remainder when 395324 is divided by 4169.
3438
Calculate the remainder when 15943 is divided by 928.
167
What is the remainder when 214107 is divided by 1436?
143
Calculate the remainder when 3695 is divided by 1256.
1183
What is the remainder when 15630033 is divided by 1042001?
18
What is the remainder when 4432968 is divided by 273?
267
What is the remainder when 35137930 is divided by 161?
2
What is the remainder when 190571 is divided by 275?
271
Calculate the remainder when 654510 is divided by 1066.
1052
Calculate the remainder when 23734 is divided by 6129.
5347
What is the remainder when 57202430 is divided by 7?
5
What is the remainder when 20168664 is divided by 22945?
9
Calculate the remainder when 128190 is divided by 128171.
19
Calculate the remainder when 41925 is divided by 19710.
2505
Calculate the remainder when 2475896 is divided by 14.
10
Calculate the remainder when 29613445 is divided by 29613411.
34
What is the remainder when 1142983 is divided by 39413?
6
Calculate the remainder when 9772666 is divided by 2443164.
10
Calculate the remainder when 154090636 is divided by 52.
24
Calculate the remainder when 1447098 is divided by 580.
578
What is the remainder when 7894152 is divided by 223?
175
What is the remainder when 1446873 is divided by 50?
23
Calculate the remainder when 1412882 is divided by 8311.
12
Calculate the remainder when 30870 is divided by 134.
50
What is the remainder when 4818543 is divided by 8?
7
Calculate the remainder when 258373 is divided by 7177.
1
What is the remainder when 9930357 is divided by 41?
34
What is the remainder when 29283211 is divided by 62?
53
What is the remainder when 52287 is divided by 4469?
3128
What is the remainder when 4410886 is divided by 102562?
720
What is the remainder when 95863037 is divided by 40?
37
What is the remainder when 268363 is divided by 20639?
56
Calculate the remainder when 49012181 is divided by 229.
227
Calculate the remainder when 25137410 is divided by 13.
12
Calculate the remainder when 1422316 is divided by 4363.
4341
Calculate the remainder when 203744 is divided by 67800.
344
What is the remainder when 1304646 is divided by 3675?
21
Calculat